1/((21/7)/(-357)). Let u = 227 + w. What are the prime factors of u?
2, 3
Let y(s) = -6 - 11 - s - 7*s. Let t(x) = x**2 - 11*x + 23. Let q be t(5). List the prime factors of y(q).
3, 13
Let g(s) = s**3 - 68*s**2 + 132*s - 2. Let i be g(66). Suppose -2*n - 42 = -7*n - 4*h, -20 = -3*n - 5*h. List the prime factors of 0 + ((-3)/i - (-1995)/n).
3, 67
Let f(q) = 36*q**2 - 8*q - 56. Let a be f(-8). Let i = a - 1306. What are the prime factors of i?
2, 503
Let m = -25283 + 56693. List the prime factors of m.
2, 3, 5, 349
Suppose -35*b = -170352 - 144200 - 71148. List the prime factors of b.
2, 5, 19, 29
Suppose 3*a = -0*a + 438. Let t(z) = z**2 - 4*z - 140. Let g be t(15). Suppose -k - 3*v + 102 = 0, -2*k + 5*v + a = -g. What are the prime factors of k?
3, 31
Let m be (-1)/(((-1)/4)/((-1)/(-2))). Let d be m*(-36)/3*76/12. Let l = -8 - d. What are the prime factors of l?
2, 3
Let y(q) = -16*q - 15. Let f(s) = 2. Let o = 38 - 39. Let r(g) = o*y(g) - 4*f(g). List the prime factors of r(10).
167
Suppose -82*u = -48*u - 42*u + 50896. What are the prime factors of u?
2, 3181
Let c be -1 + 1 - 27/(-12 + 3). List the prime factors of (1 + c - 2) + 15*38.
2, 11, 13
Let s be (0 + 109)*(-6 - -7). Let z = 256 - s. Suppose -5*i - 621 = -4*l, l - z = -0*l + 4*i. List the prime factors of l.
3, 53
Let b = 901 + 5604. List the prime factors of b.
5, 1301
Let l be 146/(-1679) + 71/23. Suppose 3610 = 4*j + 2*k, 0 = -4*k + k + l. What are the prime factors of j?
2, 11, 41
Let t(s) = -2*s**2 - 28*s - 93. Let b be t(-6). Suppose 1879 = b*a - 311. What are the prime factors of a?
2, 5, 73
List the prime factors of (-3)/(-12) - (102270/(-40) + -13).
2, 5, 257
Let g(h) = 0*h + 0*h**2 - 3 + h - 9*h**3 + 23 - 4*h**2 + 2*h**2. List the prime factors of g(-3).
2, 11
Let q be ((-2 + 8)/1)/2. Suppose 0 = -q*i - 32 + 35. List the prime factors of 1004/14 + i + (-2)/(-7).
73
Suppose 1 = -3*l + 19. Suppose l*j - 50 = j. What are the prime factors of (2/j)/(-1) - (-704)/20?
5, 7
Let g(j) = 30*j - 25. Suppose -3*m + 28 + 2 = 0. Let d be g(m). Suppose 115 = 2*p - d. List the prime factors of p.
3, 5, 13
Suppose -5229255 = -92*x + 3586921. What are the prime factors of x?
2, 23957
Let n(b) be the first derivative of 4*b**3/3 - b**2/2 + 2*b + 8. Let x be n(2). Let f = x - 14. What are the prime factors of f?
2
Suppose -38733 - 10515 = -12*z. Suppose 513*g - z = 509*g. What are the prime factors of g?
2, 3, 19
Let u be -6 + 10 - 615/(-5). Suppose 4*x - 97 - u = -2*p, 2*p - 2*x = 218. What are the prime factors of p?
2, 5, 11
Let n(m) = 5*m**2 + 16*m - 97. Let k be n(9). Suppose 3*b + 4*r = -0*b + 1261, k = b - 5*r. List the prime factors of b.
7, 61
Suppose -126*g = -113*g - 22503. Let p = g - 438. What are the prime factors of p?
3, 431
Let c = 26 + -24. Suppose -3*g - c*g + 150 = 0. Suppose 2*p = t + t - g, 4*t - 44 = -4*p. What are the prime factors of t?
13
Let s = -76 + 79. Suppose 2*n + l - 12 = s*l, -l = 2*n. Suppose n*v + 6 = 0, -4*y + 2*y + 136 = -4*v. List the prime factors of y.
2, 31
Suppose 2*x = -4*k + 7648, 5*x + k - 19004 - 71 = 0. List the prime factors of x.
2, 1907
Suppose -237848 = -15*n + 563754 + 91648. What are the prime factors of n?
2, 3, 5, 397
Suppose 56*n - 53*n = -2*m + 7113, 3*n = -5*m + 17805. What are the prime factors of m?
2, 3, 11
Let s be -4 + (-3 - -6) - -160. Suppose -360 = -5*v - 5*b, -3*v - b = -5*v + s. Let x = 119 - v. List the prime factors of x.
2, 3, 7
Let f(t) = 32*t**3 - 96*t**2 + 44*t - 2. List the prime factors of f(11).
2, 3, 7, 107
Let l = -358 - -160. Let a = -106 - l. What are the prime factors of a?
2, 23
Let h(k) = k**2 - 23*k + 25. Let u be h(22). Let b be -2*(2 - u) - 44. Let o = b - -113. What are the prime factors of o?
71
Let m = 8244 + -7796. What are the prime factors of m?
2, 7
Let l(g) = g + 6. Let k be l(-3). Suppose -16*c = -45 - k. Suppose 12 = c*v, -4*v = 3*q - 174 - 160. What are the prime factors of q?
2, 53
Let c(f) = -2*f**2 + 28*f - 15. Let m(x) = x**3 - 5*x**2 - 5*x + 8. Let s be m(6). Let o be 8/s - (-16)/28*20. What are the prime factors of c(o)?
3, 11
Let w(c) = -5*c**2 - 55*c + 31882. What are the prime factors of w(0)?
2, 19, 839
Let y(u) be the first derivative of 335*u**2/2 + 25*u - 144. What are the prime factors of y(5)?
2, 5, 17
Let l(q) = 16*q**2 + 9*q - 147. Let x(n) = -n. Let b(h) = l(h) + x(h). What are the prime factors of b(9)?
3, 11, 37
Suppose -31 = -12*q - 7. Let k be q/(-3)*(-18)/(-8 + 2). List the prime factors of 89 + k + 3 + (-4)/4.
89
Let t(f) = -69*f - 341. Let s(l) = 69*l + 344. Let v(q) = 5*s(q) + 6*t(q). What are the prime factors of v(-6)?
2, 11
Let h = -651 + 1372. Let x = h + 185. List the prime factors of x.
2, 3, 151
Let j be 1437/1*(-50)/(-75). Let m = j + -254. What are the prime factors of m?
2, 11
Suppose q - 40 = -0*q. Let w be (32/q)/((-2)/(-5)). List the prime factors of (-34 + 3)/((-1)/w).
2, 31
Let d(x) = -x**3 - 35*x**2 - 65*x + 36. Let z be d(-33). Suppose -5*g = z*l - 166, g = -2*l + 5*g + 118. What are the prime factors of l?
3, 19
Let u(v) = 39*v + 506. Let q(c) = 10*c + 126. Let r(l) = 9*q(l) - 2*u(l). List the prime factors of r(-7).
2, 19
What are the prime factors of (-7)/((-70)/41964) - 98/245?
2, 1049
Let l(c) be the first derivative of -c**4/4 + 23*c**3/3 + 4*c**2 - 53*c + 218. What are the prime factors of l(22)?
607
List the prime factors of 1 + (-178355)/(-15) + (6/(-9))/(-1).
2, 3, 991
Let l = -2512 + 4406. What are the prime factors of l?
2, 947
Suppose -21*m = -15*m - 66. Suppose -1363 = -m*s + 8*s - q, 0 = -4*s + q + 1815. What are the prime factors of s?
2, 227
Let c(w) = -197*w - 795. List the prime factors of c(-69).
2, 3, 79
Let x(r) = r**2 + 11*r + 27. Let i be x(-7). Let a(t) = -114*t**3 - 2*t**2 + 1. Let p be a(i). Let m = p - 64. What are the prime factors of m?
7
Let y be (-3)/((-12)/10246) - (-10)/(-4). Let b = 4298 - y. List the prime factors of b.
37, 47
List the prime factors of -5 + (7 - 0/7) + 2 + 246.
2, 5
Let l(n) = -136*n**2 - n + 1. Let o be l(-1). List the prime factors of (20301/o)/((-3)/22).
11, 101
Let l(o) = -o + 3. Let d be l(-15). Let w(c) = -c**2 + 11*c + 3. Let b be w(d). Let p = b + 217. List the prime factors of p.
2, 47
Let s be (-23 + 26)*8/6. Suppose f = 2*f + 1, 0 = 5*v + s*f - 711. Suppose 0 = -3*a - i + v + 244, -a + 5*i + 113 = 0. List the prime factors of a.
2
Let d(h) = -149*h - 48. Let g be d(3). What are the prime factors of (-1 - 0)*(g - -3 - -1)?
491
Let v be (-2 - (-45)/20) + (-2467)/(-4). Suppose -3*b + v + 604 = 0. What are the prime factors of b?
11, 37
Let r be (-50)/(-18) + 4/18 + 0. Suppose 3*l + 3 = q, -r*q - 19 = 7*l - 2*l. List the prime factors of (64/20 + -2)/(l/(-45)).
3
Suppose -6*p + 18048 - 5295 = -42387. What are the prime factors of p?
2, 5, 919
List the prime factors of (-5573382)/(-272) - 9/24.
2, 3, 5, 683
Suppose 2111 = 8*f - 4*f + s, -2*f + 4*s + 1060 = 0. Suppose -675 = -2*o - 2*o - 3*j, 3*o - 5*j - f = 0. Let i = -37 + o. List the prime factors of i.
2, 67
List the prime factors of 192778/452*(4 + -2).
853
Let s(g) = -g**3 + 62*g**2 + 15*g - 495. What are the prime factors of s(46)?
17, 2003
What are the prime factors of ((-31)/((-1085)/(-90)))/((-15)/16030)?
2, 3, 229
Let x be 4/(-38) - (1378286/(-247) + 4). Suppose -x = -7*q - 10*q. What are the prime factors of q?
2, 41
Suppose 0 = -5*h + 46 + 9. Suppose -h = 5*y + 29. Let x = 16 - y. What are the prime factors of x?
2, 3
Let m(w) = 123*w**2 + 11*w - 23. List the prime factors of m(6).
17, 263
Suppose 2*j - 51 = -16 - 25. Suppose -3*w - 6*x + x = 0, -2*w + 3*x + 19 = 0. Suppose 0 = w*h - j*b - 60, -b + 24 = h - 6*b. List the prime factors of h.
3
Let c(v) = -v**2 + 11*v + 15. Let w = 23 - 16. List the prime factors of c(w).
43
Let q(x) = -x**2 - 10*x - 14. Let i be q(-2). Let s(j) = 3*j**2 + 6*j - 15. List the prime factors of s(i).
3
Let v = -18 + 90. Let y be (v - 26) + 0 + 1 + 0. Let f = 86 - y. List the prime factors of f.
3, 13
Suppose 8776 = 5*f + 3*j, 3*f - 17*j = -13*j + 5254. What are the prime factors of f?
2, 877
Let o(c) = c**3 + 23*c**2 + 12*c + 28. Let p be o(-22). Suppose 55 = 247*y - p*y. List the prime factors of ((-48)/2)/(285/y + 5).
2, 3, 11
Let o be (-2)/(-4) + 2/(-4). Suppose -5*z + 627 = 2*s, 488 = -56*z + 60